is the remainder when 35 is divided by 12?
11
Calculate the remainder when 96 is divided by 54.
42
Calculate the remainder when 2578 is divided by 859.
1
What is the remainder when 7917 is divided by 120?
117
Calculate the remainder when 2431 is divided by 48.
31
Calculate the remainder when 630 is divided by 40.
30
Calculate the remainder when 105 is divided by 12.
9
What is the remainder when 179 is divided by 46?
41
Calculate the remainder when 137 is divided by 53.
31
Calculate the remainder when 2092 is divided by 13.
12
Calculate the remainder when 1789 is divided by 39.
34
Calculate the remainder when 1596 is divided by 1587.
9
Calculate the remainder when 214 is divided by 15.
4
What is the remainder when 378 is divided by 127?
124
What is the remainder when 303 is divided by 287?
16
Calculate the remainder when 282 is divided by 31.
3
What is the remainder when 116 is divided by 10?
6
Calculate the remainder when 88 is divided by 36.
16
What is the remainder when 2896 is divided by 58?
54
Calculate the remainder when 89 is divided by 71.
18
What is the remainder when 1289 is divided by 640?
9
Calculate the remainder when 11736 is divided by 2933.
4
Calculate the remainder when 290 is divided by 286.
4
Calculate the remainder when 135 is divided by 37.
24
Calculate the remainder when 146 is divided by 45.
11
What is the remainder when 130 is divided by 39?
13
Calculate the remainder when 304 is divided by 97.
13
Calculate the remainder when 87 is divided by 19.
11
Calculate the remainder when 174 is divided by 45.
39
What is the remainder when 403 is divided by 74?
33
Calculate the remainder when 38 is divided by 12.
2
What is the remainder when 278 is divided by 33?
14
What is the remainder when 609 is divided by 17?
14
What is the remainder when 228 is divided by 48?
36
Calculate the remainder when 55 is divided by 28.
27
What is the remainder when 479 is divided by 284?
195
Calculate the remainder when 475 is divided by 68.
67
What is the remainder when 507 is divided by 252?
3
Calculate the remainder when 314 is divided by 54.
44
Calculate the remainder when 184 is divided by 22.
8
What is the remainder when 349 is divided by 90?
79
What is the remainder when 4436 is divided by 153?
152
Calculate the remainder when 209 is divided by 56.
41
Calculate the remainder when 9582 is divided by 23.
14
Calculate the remainder when 90 is divided by 80.
10
Calculate the remainder when 349 is divided by 32.
29
Calculate the remainder when 123 is divided by 42.
39
Calculate the remainder when 259 is divided by 244.
15
Calculate the remainder when 142 is divided by 18.
16
What is the remainder when 17 is divided by 13?
4
Calculate the remainder when 140 is divided by 48.
44
What is the remainder when 3446 is divided by 30?
26
What is the remainder when 39 is divided by 6?
3
What is the remainder when 286 is divided by 101?
84
Calculate the remainder when 3300 is divided by 8.
4
What is the remainder when 7383 is divided by 19?
11
Calculate the remainder when 173 is divided by 44.
41
Calculate the remainder when 910 is divided by 6.
4
Calculate the remainder when 487 is divided by 49.
46
Calculate the remainder when 690 is divided by 96.
18
Calculate the remainder when 168 is divided by 43.
39
Calculate the remainder when 46 is divided by 17.
12
What is the remainder when 63 is divided by 41?
22
What is the remainder when 66 is divided by 21?
3
What is the remainder when 2179 is divided by 90?
19
Calculate the remainder when 1408 is divided by 141.
139
What is the remainder when 682 is divided by 103?
64
What is the remainder when 93 is divided by 33?
27
What is the remainder when 99 is divided by 13?
8
What is the remainder when 2419 is divided by 301?
11
What is the remainder when 174 is divided by 45?
39
What is the remainder when 235 is divided by 73?
16
What is the remainder when 247 is divided by 179?
68
Calculate the remainder when 2660 is divided by 65.
60
What is the remainder when 1507 is divided by 179?
75
What is the remainder when 362 is divided by 54?
38
What is the remainder when 114 is divided by 34?
12
What is the remainder when 24 is divided by 3?
0
Calculate the remainder when 300 is divided by 102.
96
What is the remainder when 5640 is divided by 33?
30
Calculate the remainder when 57 is divided by 21.
15
What is the remainder when 1425 is divided by 707?
11
What is the remainder when 2799 is divided by 40?
39
Calculate the remainder when 116 is divided by 19.
2
Calculate the remainder when 335 is divided by 20.
15
What is the remainder when 2294 is divided by 755?
29
Calculate the remainder when 1473 is divided by 277.
88
Calculate the remainder when 1184 is divided by 79.
78
Calculate the remainder when 92 is divided by 39.
14
Calculate the remainder when 1181 is divided by 170.
161
What is the remainder when 609 is divided by 102?
99
Calculate the remainder when 1227 is divided by 41.
38
Calculate the remainder when 4298 is divided by 15.
8
What is the remainder when 112 is divided by 76?
36
What is the remainder when 52780 is divided by 19?
17
Calculate the remainder when 4308 is divided by 227.
222
Calculate the remainder when 137 is divided by 14.
11
What is the remainder when 41 is divided by 23?
18
What is the remainder when 33 is divided by 17?
16
Calculate the remainder when 138 is divided by 1.
0
Calculate the remainder when 12 is divided by 3.
0
What is the remainder when 2788 is divided by 19?
14
What is the remainder when 289 is divided by 144?
1
What is the remainder when 2200 is divided by 58?
54
What is the remainder when 4172 is divided by 167?
164
Calculate the remainder when 278 is divided by 128.
22
Calculate the remainder when 290 is divided by 117.
56
What is the remainder when 138 is divided by 130?
8
What is the remainder when 73 is divided by 36?
1
What is the remainder when 280 is divided by 47?
45
What is the remainder when 320 is divided by 39?
8
What is the remainder when 2126 is divided by 56?
54
Calculate the remainder when 16 is divided by 7.
2
Calculate the remainder when 149 is divided by 13.
6
Calculate the remainder when 608 is divided by 48.
32
Calculate the remainder when 707 is divided by 165.
47
What is the remainder when 731 is divided by 4?
3
What is the remainder when 345 is divided by 173?
172
Calculate the remainder when 192 is divided by 102.
90
What is the remainder when 653 is divided by 16?
13
What is the remainder when 190 is divided by 53?
31
Calculate the remainder when 348 is divided by 10.
8
What is the remainder when 962 is divided by 95?
12
Calculate the remainder when 271 is divided by 52.
11
Calculate the remainder when 521 is divided by 22.
15
Calculate the remainder when 2269 is divided by 324.
1
Calculate the remainder when 932 is divided by 104.
100
Calculate the remainder when 343 is divided by 47.
14
Calculate the remainder when 1510 is divided by 21.
19
Calculate the remainder when 1285 is divided by 637.
11
Calculate the remainder when 135 is divided by 39.
18
Calculate the remainder when 4 is divided by 1.
0
Calculate the remainder when 256 is divided by 33.
25
What is the remainder when 479 is divided by 80?
79
What is the remainder when 254 is divided by 68?
50
What is the remainder when 4530 is divided by 2248?
34
Calculate the remainder when 372 is divided by 47.
43
Calculate the remainder when 318 is divided by 105.
3
Calculate the remainder when 569 is divided by 52.
49
What is the remainder when 1074 is divided by 43?
42
What is the remainder when 361 is divided by 119?
4
What is the remainder when 252 is divided by 81?
9
What is the remainder when 262 is divided by 33?
31
What is the remainder when 1189 is divided by 50?
39
Calculate the remainder when 706 is divided by 143.
134
Calculate the remainder when 5038 is divided by 336.
334
What is the remainder when 10630 is divided by 217?
214
What is the remainder when 105 is divided by 32?
9
Calculate the remainder when 1324 is divided by 39.
37
What is the remainder when 34059 is divided by 262?
261
Calculate the remainder when 2013 is divided by 58.
41
Calculate the remainder when 726 is divided by 156.
102
What is the remainder when 119 is divided by 25?
19
Calculate the remainder when 48 is divi